 is the remainder when 24634716 is divided by 3934?
8
Calculate the remainder when 10819559 is divided by 5409737.
85
What is the remainder when 23833 is divided by 72?
1
Calculate the remainder when 5252077 is divided by 2681.
2679
What is the remainder when 95831 is divided by 47634?
563
Calculate the remainder when 34100 is divided by 2482.
1834
Calculate the remainder when 20589578 is divided by 32121.
17
Calculate the remainder when 747714219 is divided by 55.
54
What is the remainder when 286380305 is divided by 5844496?
1
What is the remainder when 443427 is divided by 1079?
1037
Calculate the remainder when 3369240 is divided by 281.
50
Calculate the remainder when 90553854 is divided by 1486.
1472
Calculate the remainder when 4485865 is divided by 448.
41
Calculate the remainder when 109788680 is divided by 737.
1
Calculate the remainder when 3571200 is divided by 1837.
72
Calculate the remainder when 3016165 is divided by 754038.
13
What is the remainder when 8043906 is divided by 28?
10
What is the remainder when 1223962 is divided by 5542?
4722
What is the remainder when 34155 is divided by 157?
86
What is the remainder when 3396031 is divided by 8844?
8779
What is the remainder when 3714745 is divided by 254?
249
What is the remainder when 448533 is divided by 274?
269
What is the remainder when 115526 is divided by 115231?
295
What is the remainder when 326797 is divided by 106787?
6436
Calculate the remainder when 797040 is divided by 61306.
62
What is the remainder when 26988847 is divided by 6138?
61
What is the remainder when 66546 is divided by 13307?
11
Calculate the remainder when 884918 is divided by 108.
74
What is the remainder when 33022549 is divided by 28?
21
What is the remainder when 23103610 is divided by 780?
10
What is the remainder when 712443 is divided by 229?
24
Calculate the remainder when 70594 is divided by 398.
148
Calculate the remainder when 528388 is divided by 176079.
151
What is the remainder when 22262688 is divided by 129?
126
What is the remainder when 2631572 is divided by 38?
34
Calculate the remainder when 21407 is divided by 5348.
15
Calculate the remainder when 152664 is divided by 1123.
1059
What is the remainder when 293073 is divided by 146132?
809
What is the remainder when 3075706 is divided by 1570?
76
Calculate the remainder when 78410 is divided by 78.
20
What is the remainder when 149183 is divided by 49717?
32
Calculate the remainder when 267578 is divided by 8.
2
Calculate the remainder when 55120281 is divided by 1633.
1632
What is the remainder when 30466 is divided by 1561?
807
Calculate the remainder when 10794260 is divided by 469314.
38
Calculate the remainder when 15165 is divided by 885.
120
Calculate the remainder when 132097 is divided by 79.
9
What is the remainder when 504030 is divided by 7787?
5662
Calculate the remainder when 115855 is divided by 23155.
80
Calculate the remainder when 982200 is divided by 36377.
21
What is the remainder when 1431465 is divided by 715710?
45
Calculate the remainder when 1228362 is divided by 1302.
576
What is the remainder when 556248 is divided by 32?
24
Calculate the remainder when 10554980 is divided by 753920.
100
Calculate the remainder when 189069 is divided by 1296.
1149
Calculate the remainder when 149518 is divided by 487.
9
What is the remainder when 167845 is divided by 1333?
1220
What is the remainder when 93030003 is divided by 38?
37
Calculate the remainder when 516175658 is divided by 6118.
6116
What is the remainder when 1572150 is divided by 667?
31
What is the remainder when 914856618 is divided by 8410?
8408
What is the remainder when 183715 is divided by 1350?
115
What is the remainder when 639450 is divided by 49184?
58
Calculate the remainder when 3551719 is divided by 368.
151
What is the remainder when 1647346 is divided by 470?
466
What is the remainder when 38858 is divided by 7449?
1613
Calculate the remainder when 159852 is divided by 99.
66
Calculate the remainder when 35358790 is divided by 156.
142
What is the remainder when 12067966 is divided by 245?
1
Calculate the remainder when 1642957 is divided by 91275.
7
What is the remainder when 245582 is divided by 2254?
2150
What is the remainder when 3734953 is divided by 2405?
2393
What is the remainder when 1695412 is divided by 847694?
24
What is the remainder when 20696467 is divided by 7011?
7006
Calculate the remainder when 7355482 is divided by 274.
226
What is the remainder when 5706895 is divided by 30?
25
What is the remainder when 1036219 is divided by 259054?
3
What is the remainder when 8683810 is divided by 981?
979
Calculate the remainder when 1099347 is divided by 274834.
11
What is the remainder when 1837966 is divided by 236?
234
What is the remainder when 174825 is divided by 29126?
69
Calculate the remainder when 273652 is divided by 4142.
280
What is the remainder when 8773547 is divided by 2924488?
83
Calculate the remainder when 46712 is divided by 218.
60
What is the remainder when 53598 is divided by 749?
419
What is the remainder when 28180309 is divided by 223653?
31
Calculate the remainder when 8977548 is divided by 4982.
4966
What is the remainder when 61961 is divided by 12322?
351
What is the remainder when 34971 is divided by 1683?
1311
Calculate the remainder when 15380502 is divided by 1398220.
82
Calculate the remainder when 3500937 is divided by 111.
108
Calculate the remainder when 78422 is divided by 9585.
1742
What is the remainder when 5507014 is divided by 577?
126
Calculate the remainder when 475454 is divided by 158212.
818
Calculate the remainder when 670640 is divided by 468.
464
What is the remainder when 1001393 is divided by 248?
217
What is the remainder when 19876143 is divided by 23?
3
Calculate the remainder when 46924819 is divided by 60160.
19
What is the remainder when 221060808 is divided by 11?
1
Calculate the remainder when 56336 is divided by 3422.
1584
What is the remainder when 29679 is divided by 404?
187
What is the remainder when 1722693 is divided by 29701?
35
Calculate the remainder when 5824347 is divided by 71.
4
What is the remainder when 11160 is divided by 3553?
501
Calculate the remainder when 771422 is divided by 59335.
67
What is the remainder when 1224516 is divided by 16112?
4
What is the remainder when 168966937 is divided by 1315?
1272
What is the remainder when 822258 is divided by 727?
21
What is the remainder when 7123085 is divided by 18?
17
Calculate the remainder when 3650718 is divided by 608453.
0
What is the remainder when 751790 is divided by 107379?
137
What is the remainder when 71210 is divided by 126?
20
What is the remainder when 18488150 is divided by 473?
472
Calculate the remainder when 1115078 is divided by 10427.
9816
What is the remainder when 69664 is divided by 98?
84
What is the remainder when 265203 is divided by 123?
15
Calculate the remainder when 3421408 is divided by 2592.
2560
What is the remainder when 4366557 is divided by 1056?
1053
Calculate the remainder when 486588 is divided by 11309.
301
Calculate the remainder when 292934 is divided by 145829.
1276
What is the remainder when 10265 is divided by 3353?
206
What is the remainder when 5981508 is divided by 1331?
1325
Calculate the remainder when 585600 is divided by 585592.
8
What is the remainder when 1785896 is divided by 4853?
4845
What is the remainder when 1275130 is divided by 1010?
510
Calculate the remainder when 239576 is divided by 78836.
3068
Calculate the remainder when 72678 is divided by 633.
516
What is the remainder when 135030 is divided by 707?
700
What is the remainder when 13176396 is divided by 12969?
12861
What is the remainder when 939509 is divided by 129?
2
Calculate the remainder when 4792115 is divided by 569.
566
What is the remainder when 8761312 is divided by 4190?
22
What is the remainder when 595942 is divided by 27088?
6
What is the remainder when 2236799 is divided by 13394?
1
What is the remainder when 29342 is divided by 40?
22
Calculate the remainder when 29545 is divided by 14587.
371
Calculate the remainder when 1139715 is divided by 226.
223
Calculate the remainder when 3248142 is divided by 5749.
5706
What is the remainder when 7454416 is divided by 